et k be (-21)/147 - (-99)/7. Suppose -k = 5*j - 54. Calculate the highest common factor of 2 and j.
2
Let j(f) = 23*f - 363. Let v be j(17). Calculate the highest common factor of 44 and v.
4
Suppose -5 + 50 = 15*g. Calculate the highest common factor of 17 and g.
1
Suppose -2*d = 2*b + 2, 20 = -4*d + 3*b + b. Let i be (-60)/4*2/d. Calculate the highest common factor of i and 70.
10
Let s(v) = v**2 - 2*v - 26. Let z be s(-5). What is the greatest common divisor of z and 477?
9
Let d(y) = y**2 - 29*y + 21. Let v be d(30). Calculate the greatest common factor of 85 and v.
17
Suppose i = -3*i + 16. Suppose -74 = -i*d - 14. Suppose -30*q + 78*q - 480 = 0. Calculate the greatest common factor of d and q.
5
Suppose -3*r + r + 4*p = -290, -4*r = p - 589. Suppose -5*f - r = -177. What is the greatest common divisor of 54 and f?
6
Let d = 43 + -14. Let f be (d + -26)*1*2. Calculate the highest common factor of 36 and f.
6
Suppose 2 = k - 2. Suppose 2*a - k = 2. Suppose 6*p - 4*p = 42. What is the highest common divisor of a and p?
3
Suppose 2*f = -5*k + 16, k + 2*f + 8 = 2*k. Let h = 36 + 0. What is the highest common factor of k and h?
4
Let m be -3 - (2/(-4) + 33/(-6)). Suppose -v + 4*u - 2*u + 15 = 0, m*u + 40 = 4*v. What is the highest common factor of 63 and v?
7
Let m be 4305/82*8/14*3. Let q(d) = -5*d + 6. Let w be q(4). Let n = w + 24. What is the highest common divisor of m and n?
10
Let r = 144 - 78. Let k be 149 - (-15)/(45/48). Calculate the highest common factor of k and r.
33
Let k = 154 - 132. Calculate the highest common divisor of k and 1265.
11
Suppose -4*a + 3 + 9 = 0. Let d(s) = -a*s**2 - 3*s**3 - 2 + 3 - 6*s - 4. Let b be d(-4). What is the highest common divisor of b and 33?
33
Suppose -19*r = -15*r + 84. Let y = r - -59. Let c = y + -15. Calculate the greatest common divisor of c and 46.
23
Let t = 30 + -14. Let m = t - -14. Calculate the highest common factor of 240 and m.
30
Let d = 333 + -330. Calculate the highest common factor of d and 15.
3
Suppose 3*y - 70 = 2*g, -4*g + 93 = 5*y - 31. Calculate the greatest common divisor of y and 18.
6
Let v = -15 + -29. Let u = -25 - v. Suppose 5*m + 5*l - 21 - 44 = 0, 0 = m - l - u. What is the highest common divisor of 24 and m?
8
Let o be ((2 - -17) + -1)/1. Let l be 6/(-4) - 186/(-4). Suppose 0 = 7*h - 8*h + l. Calculate the greatest common divisor of o and h.
9
Suppose 3*b - z = b + 110, z - 61 = -b. Calculate the greatest common divisor of b and 19.
19
Let u(y) = 3*y**3 - 5*y**2 - 16*y - 5. Let m be u(5). Calculate the highest common factor of m and 5.
5
Let g(y) = y**3 + 10*y**2 + 5*y + 4. Let h be g(-9). What is the greatest common factor of h and 25?
5
Suppose 6*k + 2*t = 8*k - 74, 68 = 2*k + 4*t. Calculate the greatest common factor of 45 and k.
9
Let m = -521 - -666. What is the greatest common factor of m and 203?
29
Suppose -2*o - 8 = 0, -r = o + 7 + 3. Let p = 6 - r. Calculate the highest common divisor of 8 and p.
4
Let r = 885 + -453. What is the highest common factor of 64 and r?
16
Suppose 0 = 3*b + 3*q - 105, 5*b - 4*q + 2*q - 161 = 0. Calculate the greatest common factor of b and 297.
33
Suppose -5*x - 15 + 90 = 0. Suppose 0 = -2*w - s + x - 0, 25 = 5*s. Suppose 3*n + 44 = 209. Calculate the highest common factor of w and n.
5
Suppose -39*x = -35*x - 560. Calculate the greatest common divisor of x and 20.
20
Suppose 4*t + 3*w - 233 = 113, 0 = t - 5*w - 98. Let l = t + -73. What is the greatest common divisor of 5 and l?
5
Let x be (-264)/(-16)*(240/9)/5. What is the greatest common divisor of x and 110?
22
Let p = -597 + 729. What is the greatest common factor of p and 220?
44
Let r(k) = 8*k**2 + 1. Let c = 27 + -28. Let p be r(c). Suppose 6 = -3*q, -2*q - 94 = -5*x - 0*q. What is the greatest common divisor of x and p?
9
Let t = 32 - 37. Let u be (-1 - 15/10)*484/t. Let c be ((-11)/(-4))/((-2)/(-16)). What is the greatest common factor of c and u?
22
Let q(h) = -h**3 - 4*h**2. Let g be q(-3). Let f = 13 + g. What is the highest common factor of f and 44?
4
Let p(c) be the third derivative of c**4/24 - c**3/6 - 12*c**2. Let k be p(3). Calculate the greatest common divisor of k and 6.
2
Let y be (-24)/9*(10 - 13). What is the highest common factor of y and 2?
2
Let v(t) = -t**2 + 17*t + 17. Let a be v(18). Let y be 13 + (-3 - (a - (3 - 0))). What is the highest common factor of 70 and y?
14
Let a = 9 - -2. Let y = 254 + -253. What is the greatest common factor of y and a?
1
Let w = 777 + -177. What is the highest common factor of w and 75?
75
Suppose g = 4*d + 3*g, -4 = 2*d + 2*g. Let m = 6 - d. Let x(i) = -i**3 + 4*i**2 + 3*i + 4. Let v be x(m). What is the greatest common factor of 24 and v?
8
Let s(o) = 30 + 2*o + o - 6*o. Let b be s(5). Calculate the greatest common factor of b and 135.
15
Let j be 3880/15 + (-2)/(-6). Let m = 1 + 36. Calculate the highest common factor of m and j.
37
Let t be (44/693 - 4/14)*-18. What is the greatest common divisor of 4 and t?
4
Let k = 2095 + -1737. Let p be (-4)/10 + (-2476)/10. Let a = k + p. Calculate the greatest common factor of a and 10.
10
Let x be 6*(-2 + 26/3). Suppose 2*a - 3*g = -a + 36, 2*a - g - 20 = 0. What is the highest common factor of a and x?
8
Suppose c = -3*c + 88. Let h = -9 + c. Calculate the highest common factor of h and 13.
13
Let z(x) = -7*x + 228. Let l be z(32). What is the greatest common divisor of l and 14?
2
Suppose -4*z + 3*m = -6*z + 7, 4*z - 2*m = 22. Suppose -25 = z*f, -2*f - 20 = -3*x + 17. What is the highest common factor of 6 and x?
3
Let u = -45 + 46. Let j be u*(-1 - -2)/((-1)/(-35)). What is the greatest common divisor of j and 245?
35
Let z(b) = 3*b**2 - 21*b - 8. Suppose 30*r = 29*r + 10. Let m be z(r). Calculate the highest common factor of m and 205.
41
Let r = -1553 - -1565. Calculate the highest common factor of r and 300.
12
Let y(p) be the third derivative of 9*p**4/8 - p**3/6 - 2*p**2. Let l be -2 - 1 - (9 - 13). Let o be y(l). What is the highest common factor of o and 65?
13
Let r(s) = -2*s**3 - 12*s**2 - 29*s - 11. Let l be r(-5). Calculate the highest common factor of l and 204.
12
Suppose -4*k - 4*g + 23 + 13 = 0, -4*k - 2*g = -42. Let w be -11 - ((-41 - 10) + 10). What is the highest common divisor of k and w?
6
Let u = 52 + -42. Suppose a = i + 2*i, -4*a - 10 = -2*i. Let h = 47 - a. Calculate the highest common factor of h and u.
10
Let i(r) = 58*r - 113. Let s be i(4). What is the highest common divisor of s and 85?
17
Suppose 0*k - 51*k + 408 = 0. What is the greatest common factor of k and 88?
8
Let q(c) = c**2 - 56*c + 669. Let l be q(42). Calculate the greatest common factor of 1026 and l.
27
Let o be 98/21 - 1/(-3). Suppose 3 + 13 = 2*n + o*i, 0 = -2*n + 3*i. Calculate the highest common factor of 9 and n.
3
Suppose o + 2*z - 34 = -0*z, 3*z - 90 = -3*o. Let g = -44 - -80. Let a = g - o. What is the greatest common factor of a and 50?
10
Suppose 0 = w - 3*w. Suppose 3*a = -w*a. Suppose -2*i + 21 + 9 = a. What is the greatest common factor of 10 and i?
5
Let n(r) = -r**2 - 10*r + 14. Let z be n(-11). Let o be 1 + (6 - z)/3. Calculate the greatest common factor of 2 and o.
2
Let x = 118 + -100. Calculate the greatest common factor of x and 63.
9
Let i(n) = 8*n**2 + 3*n - 3. Suppose 2*p = -y - 2 + 11, 0 = -y - 5*p + 21. Let u be i(y). What is the highest common divisor of 12 and u?
4
Let l(d) = 4*d**2 + 2. Let c be l(1). Let g be 2 - c - -23 - 4. Calculate the highest common divisor of g and 1.
1
Suppose -14*y + 1127 = -693. What is the greatest common factor of 20 and y?
10
Suppose -20 = 3*b - 152. Calculate the greatest common factor of 1166 and b.
22
Suppose -i - 7 + 10 = 0. Suppose -d + 16 + 4 = -i*a, 4*a = -20. Calculate the highest common factor of d and 50.
5
Let s(h) = h**3 + 11*h**2 + h - 8. Let o be s(-9). Let n be 1*(-1 - 57)/(-32 + 30). Calculate the greatest common factor of o and n.
29
Let g = -2726 - -4258. Suppose -n = -4*l - 292, -2*l + g = 5*n - 4*l. What is the highest common divisor of n and 28?
28
Suppose 3*d + 4*z = 146, z + z = 4*d - 202. Calculate the highest common divisor of 375 and d.
25
Let w = -799 + 1006. What is the highest common factor of w and 483?
69
Let n(c) = -c**3 - 8*c**2 - 6*c + 9. Let p be n(-7). Suppose p*a = 4*a - 2. Let 